What are the prime factors of (b/(-4))/((-2)/h)?
3
Suppose 4*x = 4*h - 5*h, -4 = -4*x. Let p(t) = -t**2 - 3*t + 4. Let b be p(h). List the prime factors of b - 6/(-4)*8.
2, 3
Suppose -4*i = -a - 62 + 17, 10 = -2*a. List the prime factors of i.
2, 5
Let v(n) = -n**3 - n**2 + 11. Suppose 3*a = -4 + 13, 5*l + 4*a = 7. Let f be l - (1 + -1) - -1. What are the prime factors of v(f)?
11
Let m(b) = 11*b**3 + 4*b**2 + b - 6. Let v(q) = -4*q**3 - q**2 + 2. Let j(p) = -3*m(p) - 8*v(p). Suppose 6 = -0*d - 2*d. List the prime factors of j(d).
2
Let u be 2/(-6 + 2)*-2. Let o be (u - -72) + (-6 - -3). Suppose 9 = 2*t - 2*g - 15, -5*t + 3*g + o = 0. List the prime factors of t.
17
Let j = -2 - -3. Suppose 5*f - 4 - 16 = 0. Let l = f - j. What are the prime factors of l?
3
What are the prime factors of (-21)/6*(45/21 + -5)?
2, 5
Let i(y) = -y**3 - 6*y**2 + 9*y - 3. List the prime factors of i(-8).
53
Let l(b) = b**2 + 10*b + 13. Let d be l(-9). Suppose 0 = -z - d*z + 115. List the prime factors of z.
23
List the prime factors of (-93 - 0)*((-4)/(-1) + -5).
3, 31
Let c = 120 - -30. List the prime factors of c.
2, 3, 5
Suppose 5*c = -0*c + 205. Suppose 0 = -3*l - 4*a + 38, 3*a + 5 = -3*l + c. Let o = l + 1. List the prime factors of o.
11
Let n(r) = r + 1. Let b(t) = t - 13. Let o(q) = 2*b(q) + 6*n(q). List the prime factors of o(6).
2, 7
Let j(k) = 4*k. Let u(y) = -4*y. Let m(b) = -6*j(b) - 5*u(b). Let f be m(1). What are the prime factors of (0 - 2)/(f/6)?
3
Suppose 3*s = 2*s + 35. List the prime factors of s.
5, 7
Suppose 5*g - 2*u = -14, 4*u - 4 = 5*g + 14. Let o(k) = k**3 + 6*k**2 + 2*k + 6. Let f be o(-6). What are the prime factors of f*(13/(-3) - g)?
2, 7
Let m = -28 - -79. What are the prime factors of m?
3, 17
Let f(j) = -5*j**3 + 6*j**2 + j - 7. Let g(y) = -y**3 - 1. Let x(r) = f(r) - 4*g(r). Let k(o) = o + 3. Let b be k(3). What are the prime factors of x(b)?
3
Let t = 30 - 21. What are the prime factors of t?
3
Let g = 34 + -11. List the prime factors of g.
23
Let l(n) be the third derivative of n**4/24 - 7*n**3/6 - n**2. Let k be l(10). Suppose -v + o + 1 = -k, 0 = -v + 3*o - 4. What are the prime factors of v?
2
Let i = -21 - -36. Let h = -15 + 5. What are the prime factors of h/(-2)*36/i?
2, 3
Let a be (408/28)/((-2)/28). List the prime factors of (-1)/(-4) + a/(-16).
13
Suppose -3*t + 62 = 2*g, -5*g + 249 = -2*t + 56. List the prime factors of g.
37
Let q be (6/(-4))/((-2)/8). Suppose o + 4 = -2*u + 5, 16 = 2*u - 2*o. Suppose u*t - 30 = -q. What are the prime factors of t?
2
Let v be (-3)/(-9) + (-5)/(-3). Suppose 7*w - v*w = 55. What are the prime factors of w?
11
Let u(t) be the second derivative of t**5/20 - 3*t**4/4 + 5*t**3/3 - 3*t. What are the prime factors of u(8)?
2
Suppose 3*r - 653 = -2*k, 3*k - 1002 = -0*r + 3*r. What are the prime factors of k?
331
Let f(x) = -28*x**2 - x + 1. Let s be f(1). What are the prime factors of 2 - (-3 + 5) - s?
2, 7
Suppose 3*l + d = 116, 0 = 4*l + 4*d - 69 - 91. What are the prime factors of l?
2, 19
Let a(q) = -1 - 5 - 5 + 2*q. Let m = -6 - -16. List the prime factors of a(m).
3
Let n = 222 + -102. List the prime factors of n.
2, 3, 5
Let o be ((-2)/5)/((-2)/10). Let v = -3 + o. What are the prime factors of (v*(-1 + 10))/(-1)?
3
List the prime factors of (-4)/(8/(-6)) + 13.
2
Let q be 8/12 - 2/3. What are the prime factors of (15 + q + 1)/2?
2
Suppose 2*g - 63 = -3*s + 2*s, 0 = 5*s + 5*g - 300. What are the prime factors of 3/(s/27 - 2)?
3
Suppose 2*o - 3*o + 66 = 0. What are the prime factors of o?
2, 3, 11
List the prime factors of (-1 + 5)*(45/12)/3.
5
Let y(o) = -5*o**3 + 17*o**2 + 14*o + 17. Let r(g) = -2*g**3 + 6*g**2 + 5*g + 6. Let m(i) = 17*r(i) - 6*y(i). What are the prime factors of m(-1)?
3
Let v = 100 + -50. Suppose c + v = 6*c. List the prime factors of c.
2, 5
Suppose 1268 = -2*a + t, -t + 5*t + 1880 = -3*a. Let b(u) = 11*u - 11. Let p be b(-7). What are the prime factors of a/p + 2/(-11)?
7
Suppose -3*d - 12 = -7*d. Suppose 2*p = i - d*p - 27, 3*i - 49 = -p. What are the prime factors of i?
17
Suppose -3*q + 185 = -829. List the prime factors of q.
2, 13
Suppose 4*t = -t - 2*x, 0 = -4*t + 5*x + 33. Suppose -3*w + 67 = -t*c, 0*w - w + 17 = -2*c. List the prime factors of w.
5
Let u = -79 + 116. List the prime factors of u.
37
Let c(i) = -4*i + 5. Let g(v) = 11*v - 15. Let y(z) = -17*c(z) - 6*g(z). What are the prime factors of y(4)?
13
Let z(q) = 8*q**2 - 2*q + 1. What are the prime factors of z(2)?
29
Let t(p) = -p + 2 + 0 + 2. Let i be t(-4). List the prime factors of (-1 + i)*6/21.
2
What are the prime factors of ((-48)/(-5))/(3/40)?
2
Suppose 0 = -3*x + 3*d + 188 + 211, x - 5*d = 145. What are the prime factors of x?
2, 5, 13
List the prime factors of 1/(-6)*-2 + 2188/6.
5, 73
Let q = -7 - -23. What are the prime factors of q?
2
Let n be 17 - -5 - (-4)/2. Let j = 42 - n. Suppose -2*w + 24 = 2*w + s, -2*s = 2*w - j. List the prime factors of w.
5
Let c(a) = a**3 - 6*a**2 + 6. Let u be c(6). Let j = u + -4. What are the prime factors of (-17)/((-6)/j + 2)?
17
Let i = 82 + -2. List the prime factors of i.
2, 5
Suppose 5*o - 6*o + 3 = 0. Suppose -2*r + 5*s = o*s - 26, 4*r = 3*s + 55. What are the prime factors of r?
2
Suppose -4*j - j + 25 = 0. Suppose j*g = 25 - 5. Suppose g*b = 5*y - 110, b + b = -2*y + 44. List the prime factors of y.
2, 11
Let z(i) = -9*i + 6. Let t be 8*(3 - 7/2). Let o(y) = -y + 1. Let b(g) = t*o(g) + z(g). List the prime factors of b(-3).
17
Suppose 2*q - 4 = 6*q. List the prime factors of q/(0 + (-3)/39).
13
Let n(k) = 26*k - 29. Let t(q) = -9*q + 10. Let o(x) = -6*n(x) - 17*t(x). Suppose 8*m + 26 = -2*z + 4*m, -5*m = 2*z + 31. List the prime factors of o(z).
13
Let i = 106 - 68. List the prime factors of i.
2, 19
Let v = -4 + 14. Suppose -28 = 6*y - v*y. What are the prime factors of y?
7
Suppose 625 = -39*o + 44*o. What are the prime factors of o?
5
List the prime factors of 0 - 2*(-77)/2.
7, 11
Let j(b) = -3 + 0*b**2 + b + b**2 + 34. Let c be j(0). Suppose 2*g - 6*g = 20, 3*g = 2*f - c. List the prime factors of f.
2
Let c(n) = -n**3 - 11*n**2 - 7*n - 5. What are the prime factors of c(-12)?
223
Let p(f) = f**3 + f**2 - 3*f + 6. Let v(a) = 2*a**3 + 2*a**2 - 4*a + 6. Let u(m) = 3*p(m) - 2*v(m). List the prime factors of u(0).
2, 3
Let t(w) = -72*w - 1. What are the prime factors of t(-1)?
71
Suppose 5*b = -3*i - 3 - 4, 0 = 5*i + 20. Let k(t) = 24*t + 1. Let g be k(b). Suppose 5*j - g = -0*j. List the prime factors of j.
5
Suppose -4*u = 3*v - 668 + 163, 306 = 2*v - 5*u. List the prime factors of v.
163
Let d(x) = 4*x**3 + 4*x**2 + 3*x - 3. Let h(n) = -5*n**3 - 5*n**2 - 4*n + 4. Let c(a) = -4*d(a) - 3*h(a). What are the prime factors of c(-2)?
2
Let o(m) = m**3 + 17*m**2 - 20*m + 1. Let x be (-2 - (-4 - -4))*9. List the prime factors of o(x).
37
Let z = 0 - -3. Suppose 0 = z*b + 2 - 29. Suppose b = 2*x + 3. What are the prime factors of x?
3
Suppose c + 1 + 1 = 0. Let t be (3 + -13)*1/c. Suppose 4*s - t = 7. List the prime factors of s.
3
Suppose l = 4 - 2. Let q(m) = -5*m - 4. Let a be q(-3). Suppose b - a = -l. What are the prime factors of b?
3
Suppose 0 = 3*s + 4*l - 12, -4*l = -0*l. Let i = 29 + 3. Suppose s*g = -4*k + i, -g + 22 - 4 = 2*k. What are the prime factors of k?
2, 5
Let h(d) = -2*d**2 - 2*d - 5. Let v be h(5). Let m = v - -95. Let l = m - 16. What are the prime factors of l?
2, 7
Let i = 8 - 4. List the prime factors of i.
2
Suppose 2*h - 8 - 36 = 0. List the prime factors of h.
2, 11
Let f(v) = v + 1. Let y(a) = 5*a - 14. Let n(m) = 6*f(m) - y(m). List the prime factors of n(16).
2, 3
Suppose 0 = 4*s + 13 - 1. Let l = s - -14. What are the prime factors of l?
11
Suppose -u = -6*u + 215. What are the prime factors of u?
43
Let p(m) = 19*m - 14. What are the prime factors of p(5)?
3
Let s = 22 + -16. Let a(j) = -j**3 + 5*j**2 + 7*j - 7. Let q be a(s). List the prime factors of (-1 - 2)/q - 1.
2
Suppose 0 = -5*j - d + 39, 29 = 2*j + 2*j + 3*d. Let r = 1 + 2. Suppose 6 = 5*u + r*p, -3*p + j*p + 30 = 5*u. What are the prime factors of u?
3
Suppose -3*n - 15 = 3*q, 0 = -3*q + 5*n + 3 - 2. What are the prime factors of -1 - q - (-7 + 7)?
2
Let s = -1 + 0. Let k = s - -24. What are the prime factors of k?
23
Let n(t) = -t**2 + 13*t + 5. Let a(f) =